- 8. Suppose -d*q = 5*n - 85, -15 = 4*n + n. List the prime factors of q.
2, 5
Let g(x) = 597*x**2 + 111*x + 326. What are the prime factors of g(-3)?
2, 2683
List the prime factors of 11 + -14 + 4 - -4467.
2, 1117
Suppose 5*h - 3*h = -v - 584, 5*v + 1174 = -4*h. Let w = h - -551. What are the prime factors of w?
2, 5, 13
Let d(q) = 213*q - 1153. List the prime factors of d(35).
2, 23, 137
Suppose 0*o = -2*o - 8*o. Suppose s - 787 = 3*w, 5*s + o*s + 5*w - 3955 = 0. Suppose -5*q + s = 5*k, 0*k - 291 = -2*k + 3*q. List the prime factors of k.
3, 17
Suppose -2*x + 5 - 9 = 5*v, 0 = -4*x + 4*v + 20. Suppose 5*n = -x*z + 1292 - 16, 0 = -z + 2*n + 407. List the prime factors of z.
3, 139
Let g be 1161/162 + (-2)/12. Suppose -19*m = -g*m - 3588. What are the prime factors of m?
13, 23
What are the prime factors of (-53)/((-583)/(-22)) - (-8433 - (-2 + 2))?
8431
Suppose -7*f - 35316 = -3*f. Let n = f - -12824. Suppose 20*h - n = 2085. What are the prime factors of h?
2, 19
Suppose -3*v = -18 - 12. Let r be (-26)/(-4) - (0 + (-5)/v). List the prime factors of ((-420)/(-147))/(2/r).
2, 5
Let w = -33849 + 48856. List the prime factors of w.
43, 349
Let z = 144 + -75. Let t = 4 - z. Let j = -28 - t. What are the prime factors of j?
37
Let r(i) be the first derivative of -i**2/2 + 2*i - 22. Let j be r(0). Suppose 0 = f + 5, -z - j*f + f + 116 = 0. List the prime factors of z.
11
Suppose -d + 8 = -9*d. Let k(o) = 406*o**2 + o + 2. What are the prime factors of k(d)?
11, 37
Suppose r + 3893 = 3*z, 4*r = 768*z - 769*z + 1315. What are the prime factors of z?
3, 433
Suppose -4*n - 2141 + 7683 = 3*k, -k + 1849 = 3*n. List the prime factors of k.
2, 13, 71
Suppose -18*x = 205*x + 2676. Let z(k) = 9*k + 64. Let h(v) = -v. Let q(i) = -2*h(i) - z(i). List the prime factors of q(x).
2, 5
Suppose 55 - 33 = 2*d. Let p = 15 - d. Suppose p*i = 416 - 84. List the prime factors of i.
83
Let o be 15*((-12)/(-15) + 0). Suppose -16*b = -o*b - 888. What are the prime factors of b?
2, 3, 37
List the prime factors of (39981/(-18)*(-9 - -3))/((-2)/(-2)).
13327
Let w = -760 - -2114. List the prime factors of w.
2, 677
Let s be (1 + 1*-25)*(-92)/(-6). Let j = -47 - s. Suppose -206 = -3*p - 2*k, j = 5*p + 2*k - 21. List the prime factors of p.
2, 17
Let m(h) = -2*h + 58. Let x be m(27). Suppose -3*o - x*q + 3266 = 0, -1949 - 3504 = -5*o + 3*q. List the prime factors of o.
2, 5, 109
Let t(j) be the third derivative of 2*j**5/15 + 5*j**4/24 - j**3/3 + 54*j**2. Let n(h) = 3*h + 5. Let r be n(-3). List the prime factors of t(r).
2, 53
Let k(w) = 2*w**3 + 32*w**2 - 11*w + 79. What are the prime factors of k(10)?
3, 1723
Let l(y) = -1. Let c(z) = -9*z**2 - 5*z - 26. Let q(b) = -c(b) - 5*l(b). What are the prime factors of q(-4)?
5, 31
Let i(v) = 33*v + 84. Let o be i(-4). What are the prime factors of ((-530)/(-3))/(o/(-72))?
5, 53
Suppose -4*a + 241*d = 237*d - 123460, 2*a - 3*d = 61727. List the prime factors of a.
2, 7717
List the prime factors of (-96)/88 - 1459619/(-77).
5, 17, 223
Let h(u) = 81*u - 1732. List the prime factors of h(57).
5, 577
Let x(l) = -1197*l**2 - 27*l - 120. Let w be x(-10). What are the prime factors of -2 + (-33)/(-18) - w/180?
2, 83
Let t(l) = 3*l**2 + 22*l + 8. Let d = -31 + 19. Let c be t(d). Suppose -10*i + 8*i + c = 0. What are the prime factors of i?
2, 11
Let x be (-22)/(-209) + 116/(-19). Let p be (-3)/x*19*26. Suppose 4*y - p = 3*f, 3*y - f = -2*f + 182. What are the prime factors of y?
61
Suppose 381 = 7*y - 3*d, -246 = -4*y - 12*d + 9*d. What are the prime factors of y?
3, 19
Let y(r) = 510*r + 3719. What are the prime factors of y(18)?
12899
List the prime factors of 10 - (-1508 - (-70)/(-7) - 10).
2, 769
Suppose -3*g + 3*q = -9, 4*g + 0*q - 21 = q. Suppose p + 2*p = g. Suppose p*t - 11 = -d - 0*d, -11 = -d + t. List the prime factors of d.
11
Suppose 37034 = -6*w + 117350. What are the prime factors of w?
2, 3, 23, 97
Let z(q) = -4325*q - 513. What are the prime factors of z(-4)?
16787
List the prime factors of (15/(-21))/((-66)/(-77)) + 813558/36.
2, 11299
Let a(i) = 2*i**2 - 11*i - 19. Suppose -9 - 16 = 2*l + h, 5*h = -5*l - 75. List the prime factors of a(l).
3, 97
Let m = 55 + -45. Let x(y) = 3*y**2 + 18 - 3*y**2 - 9*y + y**2. List the prime factors of x(m).
2, 7
Suppose 627312 = 35*j - 14*j + 130137. What are the prime factors of j?
5, 947
Suppose 3*q + 2*j - 6070 = 0, 5962 = 4*q + 4*j - 2126. Suppose 6*x = 3086 + q. List the prime factors of x.
2, 3, 71
Let r(v) be the second derivative of -v**6/144 + v**5/40 - 13*v**4/12 + 2*v. Let n(t) be the third derivative of r(t). List the prime factors of n(-10).
53
Let d(x) = 86*x - 59. Let k(u) = u**3 + 49*u**2 - 4*u - 187. Let n be k(-49). What are the prime factors of d(n)?
5, 11, 13
List the prime factors of (-3)/(-21) + (-6)/189 + (-1603091)/(-63).
2, 3, 4241
Let w be (5/5 - 0)*8. Suppose 0 = g + 3*g - w. Suppose y + 1 - 152 = -2*n, -294 = -2*y - g*n. What are the prime factors of y?
11, 13
Let y = -67050 - -114575. What are the prime factors of y?
5, 1901
Let l be (-4)/6 - (-1408)/(-12). Let r be (0 + (9 - 7))*(-176)/(-2). Let i = r + l. List the prime factors of i.
2, 29
Suppose 302 + 886 = z. Suppose -x + 388 = p, 0 = 5*x - 2*x - 3*p - z. Let t = x - 176. What are the prime factors of t?
2, 3
Let b(g) = 2*g**2 + 9*g - 9. Let z be b(-5). Let o be 72/16 + 2/z. Suppose -4*c - 6 - 6 = 0, -o*c = 5*a - 183. List the prime factors of a.
3, 13
Suppose 4*c = -t + 404, -5*t + 39 - 365 = -3*c. Suppose 908 + c = 5*r. What are the prime factors of r?
2, 101
Let p(d) = -234*d**3 - 6*d**2 - 29*d - 2. Let l be p(-6). Suppose l = 8*q + 42*q. List the prime factors of q.
2, 5, 101
Suppose 300 = 74*t - 79*t. Let u = t + 69. Suppose 0*g + u*g = 1305. List the prime factors of g.
5, 29
Let f be 88/20 - (2 + (-13)/5). Let t(r) = -r**2 + 4*r + 5. Let j be t(f). Suppose -l - 79 = -2*m - j*m, 3*l - 123 = -3*m. List the prime factors of m.
2, 5
Suppose 2*u + u - 23 = -4*x, 17 = -4*x + 5*u. Suppose 0 = x*a - 5*f + 35, -4*f = -2*a - f - 29. Let k(m) = -4*m - 21. What are the prime factors of k(a)?
19
Let v = 10200 - 7952. What are the prime factors of v?
2, 281
Let s be 1538/(-4) - (-7)/(-14). Let t = s - -1601. What are the prime factors of t?
2, 19
Let h(l) = -847*l + 2301. What are the prime factors of h(-10)?
10771
Let i(j) = 13*j - 1. Let l be i(-4). Let o = 123 + l. Suppose -o = -3*k + k. List the prime factors of k.
5, 7
Let v(j) = -42*j - 299. Let b be v(-7). Let r(u) be the third derivative of -7*u**4/6 - 3*u**3/2 - 2*u**2. List the prime factors of r(b).
131
Let h(u) = 3*u + 10. Let g be h(-16). Let z = 41 + g. What are the prime factors of (-103)/(z/(-3)) - (0 - 0)?
103
Suppose 26679 - 699491 - 133868 = -40*d. What are the prime factors of d?
7, 43, 67
Let m = 3782 - 1468. What are the prime factors of m?
2, 13, 89
Let h be 1/((-66)/(-18) + -4). List the prime factors of (-8673)/(-24) - h/(-8).
19
Let u(a) = 2. Let g(m) = 6*m - 50. Let t(x) = -g(x) - 12*u(x). List the prime factors of t(0).
2, 13
Let g = 4280 + 15835. What are the prime factors of g?
3, 5, 149
Let b(q) = 803*q + 2137. List the prime factors of b(7).
2, 3, 431
What are the prime factors of -13615*(5/(-25))/((-63)/(-15) + -4)?
5, 7, 389
Let i(m) = 4*m**2 + 53*m - 463. List the prime factors of i(32).
73
Suppose 2*t + g - 8 = 0, -5*t = -7*g + 4*g + 2. Suppose 16*v - 14*v = t*c - 70, c - 51 = 5*v. List the prime factors of c.
31
Let g be 1/(0 - 1) + 1. Suppose 4*x = -j + 52, -j + 10 + 24 = -2*x. Suppose g = t - 2*p - 22, 2*t + 3*p - 4 = j. List the prime factors of t.
2, 11
Suppose g + 1814 + 460 = 0. Let c = g - -3205. List the prime factors of c.
7, 19
Let k(g) = 48*g**2 - 3*g + 4. Let d be 28*(-1)/(-2)*12/8. Let t = 22 - d. List the prime factors of k(t).
7
Let i = -52 + 16. Let v be 2/(2/836*4). Let k = v + i. List the prime factors of k.
173
Let t(u) be the second derivative of u**5/20 + u**3/3 + 239*u**2/2 + 18*u. Let i be t(0). What are the prime factors of 1/2*i - 3/6?
7, 17
Let f(l) = -37*l - 34*l + 7*l**2 + 63*l + l**3 + 3. Let y be f(-8). Suppose s - 20 = -4*s, -y*s - 400 = -4*j. What are the prime factors of j?
103
Suppose 1743 + 2987 = 2*n. Suppose 44*m + n = 49*m. List the prime factors of m.
11, 43
Let r be (78/9 + -8)*9*-2. L